ist the prime factors of 2259962.
2, 31, 36451
List the prime factors of 13756193.
11, 37, 73, 463
What are the prime factors of 6410491?
23, 278717
What are the prime factors of 3856653?
3, 59, 269
List the prime factors of 14512332.
2, 3, 997, 1213
What are the prime factors of 722735?
5, 13, 11119
List the prime factors of 1015831.
293, 3467
What are the prime factors of 5709512?
2, 257, 2777
List the prime factors of 2035163.
13, 89, 1759
List the prime factors of 4387229.
7, 11, 227, 251
List the prime factors of 7815896.
2, 11, 88817
What are the prime factors of 291205?
5, 139, 419
List the prime factors of 7775167.
2377, 3271
List the prime factors of 54901.
7, 11, 23, 31
What are the prime factors of 9012?
2, 3, 751
What are the prime factors of 1935962?
2, 7, 138283
What are the prime factors of 6473388?
2, 3, 539449
List the prime factors of 10176226.
2, 5088113
List the prime factors of 41569.
11, 3779
List the prime factors of 351591.
3, 163, 719
List the prime factors of 432310.
2, 5, 17, 2543
What are the prime factors of 1176890?
2, 5, 11, 13, 823
List the prime factors of 3210559.
11, 291869
List the prime factors of 266208.
2, 3, 47, 59
What are the prime factors of 1447591?
19, 61, 1249
What are the prime factors of 11701474?
2, 17, 344161
List the prime factors of 172898.
2, 11, 29, 271
What are the prime factors of 10926768?
2, 3, 233, 977
What are the prime factors of 301112?
2, 7, 19, 283
What are the prime factors of 1967635?
5, 193, 2039
What are the prime factors of 968655?
3, 5, 64577
What are the prime factors of 25229977?
503, 50159
What are the prime factors of 120896?
2, 1889
List the prime factors of 11141443.
17, 655379
List the prime factors of 370103.
370103
List the prime factors of 698581.
13, 17, 29, 109
What are the prime factors of 16303097?
163, 100019
What are the prime factors of 8810382?
2, 3, 7, 209771
List the prime factors of 23276012.
2, 5819003
What are the prime factors of 141614?
2, 11, 41, 157
List the prime factors of 2208625.
5, 17669
List the prime factors of 433391.
7, 101, 613
What are the prime factors of 1656491?
1656491
What are the prime factors of 4066223?
7, 580889
List the prime factors of 4757658.
2, 3, 131, 6053
List the prime factors of 524703.
3, 174901
What are the prime factors of 1579486?
2, 167, 4729
What are the prime factors of 24634716?
2, 3, 19, 103, 1049
List the prime factors of 2467584.
2, 3, 7, 17
List the prime factors of 201276.
2, 3, 5591
What are the prime factors of 1150065?
3, 5, 7, 1217
What are the prime factors of 59723?
59723
List the prime factors of 7746837.
3, 7, 23, 43, 373
What are the prime factors of 495262?
2, 29, 8539
What are the prime factors of 19003248?
2, 3, 11, 31, 43
What are the prime factors of 150077?
150077
List the prime factors of 12423.
3, 41, 101
List the prime factors of 1328664.
2, 3, 23, 29, 83
List the prime factors of 2202343.
11, 13, 15401
List the prime factors of 318177.
3, 35353
List the prime factors of 3109995.
3, 5, 7, 1097
What are the prime factors of 44997?
3, 53, 283
What are the prime factors of 1568340?
2, 3, 5, 8713
What are the prime factors of 1656377?
443, 3739
What are the prime factors of 488697?
3, 11, 59, 251
List the prime factors of 1902645.
3, 5, 42281
What are the prime factors of 20417?
17, 1201
List the prime factors of 740019.
3, 7, 131, 269
List the prime factors of 14692697.
14692697
List the prime factors of 1665570.
2, 3, 5, 59, 941
List the prime factors of 272421.
3, 30269
List the prime factors of 302677.
43, 7039
List the prime factors of 60835.
5, 23
List the prime factors of 6309.
3, 701
What are the prime factors of 1167968?
2, 17, 19, 113
List the prime factors of 6528956.
2, 7, 33311
List the prime factors of 9222897.
3, 3074299
What are the prime factors of 450337?
31, 73, 199
List the prime factors of 22448738.
2, 13, 17, 50789
What are the prime factors of 431823?
3, 7, 20563
What are the prime factors of 1270447?
59, 61, 353
List the prime factors of 32684177.
4273, 7649
What are the prime factors of 4834505?
5, 13, 74377
List the prime factors of 5557232.
2, 17, 20431
List the prime factors of 7320813.
3, 2440271
List the prime factors of 7410387.
3, 523, 4723
What are the prime factors of 224483?
7, 32069
List the prime factors of 3217932.
2, 3, 89387
List the prime factors of 382425.
3, 5, 5099
List the prime factors of 1134734.
2, 567367
List the prime factors of 767084.
2, 37, 71, 73
List the prime factors of 16691454.
2, 3, 13, 31, 59
What are the prime factors of 449598?
2, 3, 74933
List the prime factors of 333702.
2, 3, 18539
List the prime factors of 264033.
3, 7, 11, 127
What are the prime factors of 333332?
2, 167, 499
What are the prime factors of 236630?
2, 5, 23663
What are the prime factors of 1772157?
3, 590719
List the prime factors of 141512.
2, 7, 19
List the prime factors of 172669.
7, 17, 1451
What are the prime factors of 1777275?
3, 5, 2633
What are the prime factors of 22565512?
2, 2820689
List the prime factors of 2819616.
2, 3, 23, 1277
What are the prime factors of 130008?
2, 3, 5417
What are the prime factors of 88080?
2, 3, 5, 367
What are the prime factors of 17770476?
2, 3, 53, 27941
List the prime factors of 2750.
2, 5, 11
What are the prime factors of 79218?
2, 3, 163
List the prime factors of 166530.
2, 3, 5, 7, 13, 61
What are the prime factors of 21098?
2, 7, 11, 137
List the prime factors of 5821559.
5821559
What are the prime factors of 4362546?
2, 3, 487, 1493
What are the prime factors of 5668757?
5668757
What are the prime factors of 455094?
2, 3, 131, 193
List the prime factors of 526845.
3, 5, 11, 31, 103
What are the prime factors of 1461870?
2, 3, 5, 37, 439
What are the prime factors of 3907046?
2, 11, 13, 19, 719
What are the prime factors of 3198539?
37, 137, 631
What are the prime factors of 1142534?
2, 571267
List the prime factors of 5141594.
2, 37, 69481
List the prime factors of 7918308.
2, 3, 219953
List the prime factors of 3084967.
23, 134129
What are the prime factors of 2444818?
2, 1222409
List the prime factors of 10410609.
3, 11, 59, 5347
What are the prime factors of 1394708?
2, 7, 49811
What are the prime factors of 210485?
5, 11, 43, 89
List the prime factors of 1888528.
2, 118033
List the prime factors of 12842270.
2, 5, 7, 183461
What are the prime factors of 1009808?
2, 63113
List the prime factors of 309166.
2, 11, 13, 23, 47
What are the prime factors of 24037?
13, 43
What are the prime factors of 649493?
13, 47, 1063
List the prime factors of 3789932.
2, 947483
List the prime factors of 812527.
812527
What are the prime factors of 212857?
17, 19, 659
What are the prime factors of 317764?
2, 17, 4673
List the prime factors of 3203344.
2, 17, 11777
What are the prime factors of 5874373?
1109, 5297
List the prime factors of 245907.
3, 89, 307
List the prime factors of 416748.
2, 3, 34729
List the prime factors of 592910.
2, 5, 211, 281
What are the prime factors of 9151550?
2, 5, 103, 1777
List the prime factors of 335447.
7, 173, 277
What are the prime factors of 24759958?
2, 12379979
List the prime factors of 2284904.
2, 285613
List the prime factors of 207603.
3, 11, 233
List the prime factors of 1508516.
2, 377129
What are the prime factors of 1085863?
1085863
What are the prime factors of 18413311?
7, 181, 14533
What are the prime factors of 1700988?
2, 3, 23, 6163
What are the prime factors of 5778462?
2, 3, 31, 47, 661
What are the prime factors of 2019778?
2, 47, 21487
List the prime factors of 1764241.
31, 56911
List the prime factors of 1365497.
7, 195071
List the prime factors of 1492617.
3, 7, 17, 37, 113
List the prime factors of 97018.
2, 179, 271
List the prime factors of 38247997.
5233, 7309
List the prime factors of 7601455.
5, 1520291
List the prime factors of 271317.
3, 90439
What are the prime factors of 609210?
2, 3, 5, 7, 967
List the prime factors of 4262499.
3, 473611
What are the prime factors of 39771414?
2, 3, 2209523
List the prime factors of 288067.
13, 22159
List the prime factors of 275949.
3, 30661
List the prime factors of 3087488.
2, 24121
List the prime factors of 52535.
5, 7, 19, 79
List the prime factors of 3732046.
2, 199, 9377
What are the prime factors of 13630533?
3, 7, 6